 Determine s(x).
7
Let f = 836 - 48. Suppose 5 = -789*j + f*j. Let v(q) = -4 - q + q**2 + 7*q + 2. What is v(j)?
-7
Let m(t) be the second derivative of -19*t**3/3 + 17*t**2/2 - 15*t + 75. Calculate m(2).
-59
Let d(j) = 43*j - 181. Let x(g) = -101*g + 361. Let c(h) = 9*d(h) + 4*x(h). Determine c(-11).
2
Suppose 36*k - 38*k + 9 = m, m - 15 = -5*k. Let r(a) = 1062 - 1063 + 6*a + 6*a**k - 2*a**3 + 3*a**3. Calculate r(-5).
-6
Let w(s) = -2*s**3 - 7*s**2 + 21*s + 24. Let o(v) = 5*v**3 + 24*v**2 - 60*v - 68. Let x(g) = 3*o(g) + 8*w(g). Determine x(15).
33
Let r(m) = 2*m**2 + 52*m + 30*m - 77*m + 3*m**2 - m**3. Suppose -6*g + 3*n + 3 = -4*g, 0 = 4*g + 4*n - 36. What is r(g)?
-6
Let b be (-14 - (11 - 26))/(5/15). Let n(i) be the first derivative of 2*i**3/3 - 2*i**2 - 2*i - 3. Determine n(b).
4
Let p(w) be the second derivative of 2 + 1/12*w**4 - 2*w**2 - 6*w + 1/6*w**3. Calculate p(2).
2
Suppose 0 = 199*a - 203*a + 44. Let y(r) = -r + a*r + 151 + r**2 - 153. Give y(-9).
-11
Suppose 16*m - 7 = 15*m. Let d(n) = 3 + 7*n**3 - m*n**3 + 4*n + 3*n**2 - n**3. Give d(-2).
15
Let i(t) be the first derivative of 2*t**3/3 - 5*t**2/2 - 8*t - 7231. Determine i(-2).
10
Let w(n) = 395 - 199 + n**2 - 191. Give w(-5).
30
Let u(a) = 12*a - 4 + 34 - 54 + 8 + 124. Determine u(-9).
0
Suppose 16 = 4*z - 3*x, 2*x + x + 11 = -z. Let q be (-60)/8*z*(-8)/6. Let r(k) = -q + 5 - k**2 + 3*k + 9. Determine r(3).
4
Let t(b) = -900 + 283 + 13*b + 454. Let n be t(13). Let i(k) = k**2 - 6*k - 8. Calculate i(n).
-8
Suppose 10*k - 7*k + 12 = 0. Let d(u) = 13 + 6*u - 56*u**2 - 12 + 57*u**2. Give d(k).
-7
Let d(y) = -345*y**2 + 2*y + y**3 - 18 - 333*y**2 + 671*y**2. Determine d(7).
-4
Let m(f) be the second derivative of -f**4/4 + 37*f**3/6 - 19*f**2 + 3*f - 5. Calculate m(11).
6
Let t(o) = o**3 + 9*o**2 + 1. Let u be 5*3/30 - 2/4. Suppose 0 = -3*l - 12, 13 = -p - u*l - l. Give t(p).
1
Let t(h) = -844144 - 7*h + 844152 + 0*h**2 - h**2. Calculate t(-9).
-10
Let w(p) be the third derivative of -17/6*p**3 - 1/24*p**4 - 14*p**2 + 0 + 0*p. Let f be w(-22). Let t(x) = -4*x + 6. Give t(f).
-14
Let c be -8 + (-72)/(-6) - 9. Let i(v) = 5*v + 19. Determine i(c).
-6
Let t(q) = -6*q**2 + 348*q - 342. Let g be t(57). Let y(l) be the third derivative of 1/60*l**5 + 16*l**2 + g*l - 1/6*l**3 - 1/12*l**4 + 0. What is y(3)?
2
Let m(h) = h**3 - 5*h**2 - 5*h + 5. Suppose -4*b + 5*b + 39 = q, -b - 73 = -2*q. Let c = 48 + -9. Let r = c - q. Determine m(r).
-20
Let r(f) = -f**2 + 7*f - 3. Let k be (5/25)/((-2)/(-10)). Let x be ((-3)/3)/((-4)/36*k). Suppose -55 = -2*g - x*g. Calculate r(g).
7
Let b(o) be the first derivative of -2*o**3/3 + 63*o**2/2 - 8*o + 3611. What is b(32)?
-40
Let o(a) be the first derivative of a**3/3 + a**2/2 - 11*a + 9876. Give o(4).
9
Suppose 6*o + 31 + 29 = 0. Let g(i) = 6 + i**3 + 10*i**2 + 2 - 8*i + 9*i. Give g(o).
-2
Suppose -3*d - 5*k = -65, 24*d + 4*k = 22*d + 42. Suppose 23 = -2*v + 13*r - 16*r, d = -2*v - r. Let w(p) = p**3 + 13*p**2 + p + 13. Give w(v).
0
Let h(x) = -2. Suppose 0*j = -z - 3*j - 16, z + 26 = -5*j. Let a(p) = p**2 - 6*p + 6. Let w(l) = z*a(l) - 4*h(l). Determine w(6).
2
Let i(h) = 30*h**2 - h. Suppose v = 283 - 287, -2*b + 3*v + 10 = 0. What is i(b)?
31
Suppose -11 = 5*y + g, -23*y - 3*g = -26*y + 15. Let l(z) be the first derivative of -9*z**3 + z + 2. What is l(y)?
-26
Let a be 2 - (1/(-1) + 1). Let i(n) = -8*n + 1. Let q(s) = 23*s - 3. Suppose 4*l + 74 = 2*p, -3*l + 2*p - 54 = p. Let y(k) = l*i(k) - 6*q(k). Determine y(a).
-3
Let u = 30850 + -30845. Let g(k) = 10*k**2 - 55*k + 11. What is g(u)?
-14
Let p(y) = -12 + 287*y**2 + 36 - 288*y**2 - 31. Let x(s) = -s**3 + 14*s**2 + s - 14. Let g be x(14). Give p(g).
-7
Let d(c) = -7*c**2 - 13*c + 12. Let m(k) = -3*k**2 - 8*k + 6. Let t(v) = -2*d(v) + 5*m(v). What is t(-11)?
39
Let b(j) be the first derivative of -j**2/2 - 22. Let h = 2 - -1. Suppose -h*l - 3*o + 9 = 0, o + 0*o - 7 = 3*l. Give b(l).
1
Let m(h) = -h**3 + 3*h**2 + 3*h + 5. Let z(t) = -t**3 + 6*t**2 + 6*t + 18. Let o be z(6). Let u = 58 - o. Calculate m(u).
1
Let w = 50 + -48. Suppose 0 = -3*c + s - w*s - 22, 4*c + 30 = -2*s. Let q(r) = -r**2 - 5*r + 3. Calculate q(c).
-11
Suppose 58*o + 137 = -211. Let d(p) be the third derivative of p**4/12 + 5*p**3/3 - 3*p**2. What is d(o)?
-2
Let h(p) = 3*p**3 - 9*p**2 - 17*p - 11. Suppose 36 = 3*d + 9. Let n(c) = 7*c**3 - 17*c**2 - 35*c - 21. Let g(z) = d*h(z) - 4*n(z). Calculate g(-12).
-3
Let c(m) = -20*m - 138. Let o be c(-7). Let k(q) = -q**3 + 2*q**2 + 7*q - 14. What is k(o)?
0
Suppose 2196*r = 2146*r + 150. Let a(s) = -3*s**3 + s + 2. Determine a(r).
-76
Let o(j) = 7*j**2 + 68*j - 119. Let x(g) = -3*g**2 - 34*g + 56. Let r(v) = 4*o(v) + 9*x(v). What is r(33)?
-5
Let j(m) = 5*m. Let q be (16/(-80) - 119/(-70))/(2/(-12)). Determine j(q).
-45
Suppose -3*r = -k + 9, 0 = k - 0*k - r - 5. Let h be 2/9 - (-15)/(-27)*-5. Let g(i) = 0 + i**k - 2109*i + h + 2*i**2 + 2106*i. Calculate g(2).
13
Let q(a) = 19 + 27*a + a**3 - 2*a**2 - 48 - 2*a**2 - 16 - 25. Determine q(3).
2
Let i(j) be the third derivative of j**7/2520 - j**6/72 + 17*j**5/120 + j**4/8 - j**3/6 - 17*j**2. Let t(w) be the second derivative of i(w). Determine t(6).
-7
Let b(m) = -2*m - 12. Let w(c) be the third derivative of -c**4/4 - 35*c**3/6 - 40*c**2. Let x(f) = 11*b(f) - 4*w(f). Give x(-5).
-2
Let n(g) = -2*g + 10. Suppose -3*f = 5*k + 3 - 18, 5*f - k = 25. Give n(f).
0
Let y(a) = -33*a + 12*a**2 + 15*a**2 - a**2 - 155 + 21*a**2 - 48*a**2. What is y(-28)?
-15
Let r(k) = 11*k - 27. Suppose -14*j + 23*j - 236 = -50*j. Give r(j).
17
Let u(o) be the second derivative of 0*o**2 + 0 - 1/3*o**3 - 25*o. Let j = 9 - 12. What is u(j)?
6
Let n(d) = -d + 5. Let w be (-2 + 2)/(5 + -7). Suppose w*o = -3*o - 6. Let f be -3 - o*(4 + 0 + 0). Calculate n(f).
0
Let i = -3 + 9. Let s(p) = 10*p**3 - 28*p**2 + 18*p - 50. Let q(x) = 3*x**3 - 9*x**2 + 6*x - 15. Let f(c) = -7*q(c) + 2*s(c). Give f(i).
5
Let k be (-19)/(((-9)/8)/9). Let a be k/11 + 28/154. Let p(v) = 10*v + a*v - 23*v + 11. Give p(-9).
2
Let w(u) = -2 + 20 - 7 - 1 - 4*u - 11. Let c(h) = 6*h**2 + 2. Let d(s) = 5*s**2 + 1. Let j(y) = -2*c(y) + 3*d(y). Let b be j(1). Calculate w(b).
-9
Let h(r) be the first derivative of 5*r**3/3 - 42*r**2 + 25*r + 2914. Give h(16).
-39
Suppose -2*b + 490 = 8*b. Let i = -38 + b. Let p(y) = -3*y - 4*y + i + 6*y. Give p(0).
11
Let l = 327 - 325. Let w(c) = -760*c**l + 6*c + 3 + 6 + 761*c**2. What is w(-6)?
9
Let s(k) be the first derivative of -5*k**2/2 + 29*k - 7. Determine s(6).
-1
Suppose -2*k + 120 = 2*p, -4*k = -4*p + p - 268. Let d(q) = -2 + 1 - k*q + 63*q. Let j = -15 + 10. What is d(j)?
4
Let u = 104 - 89. Suppose 10*o - 12*o - 12 = t, 3*t - o + u = 0. Let k(p) = 4*p + 7. What is k(t)?
-17
Let a(q) = 0*q**2 + 5*q + 4 - 5*q**2 + 4*q**2. Suppose 2*y = -0*y - 7*y. Let t be (-6)/(9/(-3)) - (-5 - y). Calculate a(t).
-10
Let r(w) = w**3 - 3*w**2 - 3*w. Let a be r(0). Let o(j) be the third derivative of 1/8*j**4 + j**3 + a*j + 1/60*j**5 + 0 - 3*j**2. Calculate o(-4).
10
Suppose -2*c = -4*m - 26, 3*c + 148 - 163 = 0. Let k(u) be the second derivative of -u**5/20 - u**4/2 - u**3/6 + 5*u**2/2 + 12*u. What is k(m)?
-23
Suppose 0*a + 5*x = 4*a - 32, 3*a - 5 = -x. Let l(i) = 5*i. Let z(v) = v. Let j(t) = 13*t + 1. Let s(y) = j(y) - 4*z(y). Let k(h) = -5*l(h) + 2*s(h). Give k(a).
-19
Let h be 2*((-77)/14 - -6). Suppose -b + h = -1. Let n(d) = d**2 - 2*d - 1. Let f(v) = -v**2 + 2*v + 1. Let p(j) = -3*f(j) - 2*n(j). Determine p(b).
-1
Let m(g) = 8*g**3 - g. Let h be (-28)/(-28)*(255 - 0). Let j = h - 256. Give m(j).
-7
Let v(q) = q**2 - 4*q - 1. Let t be (4/(-10))/(48/(-370)) - (-60)/(-720). Give v(t).
-4
Let l(n) = 3*n. Let z(d) = -3*d - 1. Let q(a) = 4*l(a) + 3*z(a). Suppose -10 = -6*f + f. Suppose -i + 2 = 2*i + f*w, i + w = 0. What is q(i)?
3
Let l(n) = 263 - n**3 + 283 - n**2 - 639. Determine l(0).
-93
Let q(k) be the second derivative of 1/2*k**2 + 22*k - 3/4*k**4 + 1/3*k**3 - 3. What is q(-2)?
-39
Suppose -35*m + 279 = 104. Let s = -2 + 13. Let n(p) = p - s*p + 4*p + 4 + 8*p. Calculate n(m).
14
Let j(k) = 45 + k**2 - 29 + 0*k**2 - 14*k. Suppose 106*w = 150*w - 572. Calculate j(w).
3
Let m(n) = -6*n**3 - 2*n**2 - 5*n + 1. Let j(s) = 6*s**3 + 2*s**2 + 4*s - 1. Let g(v) = 5*j(v) + 4*m